e 11, what is 1075a9 + 77?
107675
In base 14, what is 0 + 324867?
324867
In base 12, what is -4325312 + -5?
-4325317
In base 13, what is 46c5b1bc - 4?
46c5b1b8
In base 2, what is -10000110101011111100000100 + 100?
-10000110101011111100000000
In base 9, what is 35662 + -884?
34667
In base 8, what is -2300001 - -2265?
-2275514
In base 14, what is 29d10 + -1?
29d0d
In base 5, what is -14022000113 + 1?
-14022000112
In base 13, what is 57203 + 5?
57208
In base 4, what is -103000 - 12221?
-121221
In base 2, what is 1101000011 - 110010000001?
-100100111110
In base 14, what is -11 - -c823a8?
c82397
In base 6, what is 11221402 + 1?
11221403
In base 12, what is 1a01676 + 4?
1a0167a
In base 10, what is -5 + 199850054?
199850049
In base 3, what is 1112 - -2010012122102?
2010012200221
In base 14, what is -27bd11b1 - 2?
-27bd11b3
In base 6, what is -150532 - 33442?
-224414
In base 2, what is 11001110110111 - 1000110011100?
10001000011011
In base 7, what is -4422 - -444400?
436645
In base 4, what is 32113213130 + 20?
32113213210
In base 2, what is -1000010110 - -1001010010100?
1000001111110
In base 11, what is 18a3227 - 4?
18a3223
In base 8, what is 350345 - -170?
350535
In base 4, what is 323221 - 213133120?
-212203233
In base 13, what is 1618374 - 118?
1618259
In base 9, what is -14453 + 211?
-14242
In base 12, what is 0 - a779ba6?
-a779ba6
In base 16, what is -507 - e2cf?
-e7d6
In base 10, what is -1977 - 1031?
-3008
In base 4, what is 311321320132 + 10?
311321320202
In base 15, what is 1 - 32543a1?
-32543a0
In base 8, what is -3026 - 14245?
-17273
In base 15, what is -15e8 + -47d?
-1a76
In base 11, what is 4 + 5a8a776?
5a8a77a
In base 3, what is -102201 - 1021100102?
-1021210010
In base 7, what is 26 - 2466506?
-2466450
In base 2, what is 1000010011010110 + -100001000011?
111110010010011
In base 15, what is -6e - -acbd?
ac4e
In base 14, what is 1bca - -109a?
2c86
In base 8, what is 3007414411 - 4?
3007414405
In base 6, what is 510 - -554001?
554511
In base 2, what is -100101 + 1000100010111010?
1000100010010101
In base 7, what is 25306 + 10001?
35310
In base 5, what is -1 - -3133422324?
3133422323
In base 16, what is 8946707 - -2?
8946709
In base 8, what is 216637 - -74?
216733
In base 15, what is -1b90 - 5d1?
-2271
In base 6, what is -15332 + -42054?
-101430
In base 14, what is 7 + -178392?
-178389
In base 16, what is 17 + -66af88?
-66af71
In base 9, what is -3801 + 28342?
24441
In base 7, what is 1 - -332024410?
332024411
In base 15, what is -3e1a62c - 3?
-3e1a630
In base 7, what is 421 + 23353633?
23354354
In base 8, what is -2 + -1127436242?
-1127436244
In base 3, what is -110220010112 - -2022221?
-110210210121
In base 6, what is 1145031 + -324332?
420255
In base 2, what is 10111110100101110001001 + -100?
10111110100101110000101
In base 2, what is 11000110 + -111111000101100?
-111110101100110
In base 7, what is -513414400 - -2?
-513414365
In base 14, what is 28b80 - -4cc?
2926c
In base 4, what is 12 + 22223310201323?
22223310202001
In base 10, what is -4326713 + -5?
-4326718
In base 11, what is 1553477 + 0?
1553477
In base 8, what is 6 + 11413270?
11413276
In base 7, what is 31 - -325154?
325215
In base 2, what is -1010 + -10011011110110111110?
-10011011110111001000
In base 16, what is 7 - 8addfdd?
-8addfd6
In base 14, what is -8ab5 - -31d?
-8796
In base 16, what is 10 + -19a9d9?
-19a9c9
In base 13, what is -1026 - c794?
-107ba
In base 6, what is 3 + 24344540?
24344543
In base 8, what is 13051046 - -1?
13051047
In base 5, what is -4 + 2011004004?
2011004000
In base 2, what is 100 + -1111010001100001001000111?
-1111010001100001001000011
In base 5, what is 12141 - -12143432?
12211123
In base 7, what is 625532524 - -3?
625532530
In base 5, what is -30041014 - 10?
-30041024
In base 8, what is -3320245241 - 5?
-3320245246
In base 2, what is 1000101110110 + 110110100000?
1111100010110
In base 10, what is -4 - -3733609?
3733605
In base 2, what is -11 + 1101011001011100100011100?
1101011001011100100011001
In base 8, what is 131427475 + -12?
131427463
In base 14, what is 14a - -c19?
d65
In base 12, what is 69ba - 5655?
1365
In base 11, what is -234988 + -a85?
-235962
In base 15, what is -68 + -8c90ed?
-8c9166
In base 10, what is 5956 - 25375?
-19419
In base 15, what is b - -37358a?
373596
In base 5, what is -23420 + 2003442?
1430022
In base 4, what is 20300011 + 10203?
20310220
In base 9, what is -1638413 - 17?
-1638431
In base 2, what is 11 + 10011101110100111?
10011101110101010
In base 14, what is 9c85b57 - -4?
9c85b5b
In base 3, what is -10110020112 + -2101?
-10110022220
In base 7, what is -512630531 + -10?
-512630541
In base 9, what is 21 - -87712770?
87712801
In base 13, what is -29b - 23670?
-2393b
In base 9, what is 4 - 12273011?
-12273006
In base 2, what is 101110110 + 10111101010101101?
10111110000100011
In base 12, what is -2098 + -b406a?
-b6146
In base 11, what is 7 + 6aaa6?
70002
In base 8, what is 20716 - -114154?
135072
In base 16, what is 1cf + -184e?
-167f
In base 16, what is 23 + -46abf6?
-46abd3
In base 4, what is 220132000201 - 2?
220132000133
In base 13, what is 9a195 - 1a4?
99cc1
In base 12, what is 782 + 9a429?
9abab
In base 15, what is -371b4 + 2?
-371b2
In base 12, what is 15 - -15b70a?
15b723
In base 5, what is -2120 - 23211411?
-23214031
In base 11, what is 2 + 12157132?
12157134
In base 7, what is -143514 + -626?
-144443
In base 16, what is 9ef6 + 521?
a417
In base 15, what is 1 + -321db0?
-321dae
In base 14, what is -125146c + 12?
-125145a
In base 13, what is aba - 3961?
-2b74
In base 9, what is -61 - 1444853?
-1445024
In base 5, what is 322 - 204120344?
-204120022
In base 15, what is 3b7 + -7875?
-74ad
In base 12, what is 1ba604 - 10?
1ba5b4
In base 9, what is 0 + -28321183?
-28321183
In base 16, what is -2af - fc2?
-1271
In base 5, what is -213 - -12342023?
12341310
In base 16, what is -1432 - 651d?
-794f
In base 14, what is 37cba - -2a?
37d06
In base 14, what is -3435801 + -6?
-3435807
In base 13, what is -15 + -3501c8?
-350210
In base 12, what is -a - -349119?
34910b
In base 16, what is 18346 + -a3?
182a3
In base 4, what is 1331123120 - 12?
1331123102
In base 16, what is 60f054 - -45?
60f099
In base 12, what is 7512 + -1434?
609a
In base 11, what is -918a563 - 2?
-918a565
In base 16, what is 12d - -9b66b?
9b798
In base 14, what is -118929 + -15?
-118940
In base 9, what is 454 + 773?
1337
In base 7, what is -11 - 22455430?
-22455441
In base 9, what is -2444 + 28334?
25780
In base 5, what is -4 + 2140431004?
2140431000
In base 2, what is -10111111010011101 - 1001100000?
-11000000011111101
In base 11, what is -44 - -a19408?
a19374
In base 9, what is 68866548 + -4?
68866544
In base 5, what is -4441013032 - -33?
-4441012444
In base 14, what is 317488 + 14?
31749c
In base 15, what is 71854b4d - -4?
71854b52
In base 7, what is -13411 - -224604?
211163
In base 5, what is 10 + 23443232?
23443242
In base 8, what is 2215 - 10005?
-5570
In base 3, what is -11 + 2100110202002?
2100110201221
In base 2, what is -100 + -101111100100110111010111?
-101111100100110111011011
In base 3, what is 1000002 - -100000202?
101000211
In base 11, what is 737 - -12648?
13284
In base 16, what is 431 + -a5cf?
-a19e
In base 14, what is -31 - 3934ca?
-39351b
In base 12, what is 30579 + -7?
30572
In base 15, what is 15677c4 + -5?
15677be
In base 14, what is 8b56205 + 3?
8b56208
In base 5, what is 214 + 21223020?
21223234
In base 11, what is -163308a6 - -3?
-163308a3
In base 9, what is -64136 + -7?
-64144
In base 2, what is 10010111010001110101011 + -10?
10010111010001110101001
In base 10, what is 370832 - 30?
370802
In base 9, what is 17037 - -25138?
43176
In base 15, what is -70b - -2496e?
24263
In base 2, what is -10011001110110 - -101?
-10011001110001
In base 11, what is 4a12 + 15a57?
1a969
In base 9, what is 25 + 26801468?
26801504
In base 14, what is -9041383 - -a?
-9041377
In base 2, what is 10001010010000100010110000 - -10?
10001010010000100010110010
In base 11, what is -370a034 - -2?
-370a032
In base 3, what is -22221001200201 + 10?
-22221001200121
In base 9, what is 18062 + -27018?
-7846
In base 14, what is -b3 + 3a545?
3a472
In base 7, what is 53131 + -62232?
-6101
In base 11, what is 1159a + -854?
10846
In base 6, what is -3 + 22132113?
22132110
I